{"id":631,"date":"2024-01-04T18:33:55","date_gmt":"2024-01-04T17:33:55","guid":{"rendered":"https:\/\/au-cerf.com\/?post_type=menu&#038;p=631"},"modified":"2025-07-14T10:12:00","modified_gmt":"2025-07-14T08:12:00","slug":"tarte-flambee-gratinee-a-lail","status":"publish","type":"menu","link":"https:\/\/au-cerf.com\/de\/menu\/tarte-flambee-gratinee-a-lail\/","title":{"rendered":"TARTE FLAMB\u00c9E GRATIN\u00c9E \u00c0 L\u2019AIL"},"template":"","type-de-plat":[13],"class_list":["post-631","menu","type-menu","status-publish","hentry","type-de-plat-tartes"],"_links":{"self":[{"href":"https:\/\/au-cerf.com\/de\/wp-json\/wp\/v2\/menu\/631","targetHints":{"allow":["GET"]}}],"collection":[{"href":"https:\/\/au-cerf.com\/de\/wp-json\/wp\/v2\/menu"}],"about":[{"href":"https:\/\/au-cerf.com\/de\/wp-json\/wp\/v2\/types\/menu"}],"wp:attachment":[{"href":"https:\/\/au-cerf.com\/de\/wp-json\/wp\/v2\/media?parent=631"}],"wp:term":[{"taxonomy":"type-de-plat","embeddable":true,"href":"https:\/\/au-cerf.com\/de\/wp-json\/wp\/v2\/type-de-plat?post=631"}],"curies":[{"name":"wp","href":"https:\/\/api.w.org\/{rel}","templated":true}]}}

TARTE FLAMBÉE GRATINÉE À L’AIL
